he highest common factor of 1792 and 270618208.
224
Calculate the highest common divisor of 3454299 and 5859.
837
Calculate the greatest common divisor of 128927 and 16259.
229
Calculate the greatest common factor of 195 and 424413951.
39
Calculate the highest common divisor of 6 and 23415321.
3
Calculate the greatest common divisor of 1 and 26119967.
1
Calculate the highest common factor of 280 and 45234520.
40
Calculate the greatest common divisor of 19463337 and 253471.
5393
Calculate the highest common factor of 5889 and 15050019.
453
Calculate the highest common factor of 354 and 83416560.
354
Calculate the highest common factor of 70484357 and 95.
19
Calculate the greatest common factor of 92 and 471092.
4
What is the highest common factor of 54120795 and 75?
15
What is the greatest common divisor of 2951792 and 2704?
16
Calculate the highest common factor of 13830390 and 490.
70
What is the highest common divisor of 99 and 97445469?
33
Calculate the highest common divisor of 14351 and 149047.
113
Calculate the greatest common divisor of 28983995 and 44915.
3455
What is the greatest common factor of 176844850 and 2600?
650
What is the greatest common divisor of 56869083 and 45?
9
Calculate the highest common divisor of 8 and 122228888.
8
Calculate the highest common divisor of 198 and 21671478.
18
What is the greatest common factor of 6817879 and 2183?
37
What is the greatest common divisor of 2018 and 10902245?
1009
What is the highest common factor of 120 and 119752280?
40
What is the greatest common divisor of 18488064 and 1463?
133
What is the greatest common divisor of 270 and 164337525?
135
Calculate the greatest common divisor of 3371733 and 2538.
1269
What is the highest common factor of 539887 and 12327872?
2713
What is the greatest common divisor of 10 and 10290205?
5
What is the greatest common divisor of 1146620 and 540?
20
Calculate the greatest common factor of 108 and 440204247.
27
Calculate the highest common factor of 10 and 11111095.
5
Calculate the highest common factor of 2813000 and 17690.
290
What is the greatest common factor of 64 and 259508?
4
What is the greatest common factor of 76 and 38837368?
76
What is the highest common factor of 826 and 18760?
14
Calculate the greatest common divisor of 31 and 2764027.
1
Calculate the greatest common factor of 75460857 and 3756.
939
What is the highest common divisor of 10483325 and 5885?
535
What is the greatest common divisor of 185 and 792244?
37
What is the greatest common factor of 389635404 and 744?
372
What is the highest common divisor of 2914 and 88443?
31
Calculate the greatest common factor of 782075 and 63329.
763
What is the highest common divisor of 46102380 and 6?
6
Calculate the highest common divisor of 191 and 11915153.
191
Calculate the highest common factor of 27792 and 506818.
386
Calculate the greatest common factor of 13525117 and 5282.
139
What is the highest common divisor of 2 and 1046674?
2
Calculate the greatest common divisor of 355 and 5500.
5
Calculate the highest common divisor of 19710 and 7602.
6
Calculate the greatest common factor of 4884 and 1250040.
132
Calculate the highest common factor of 35168847 and 294.
21
What is the greatest common factor of 193419 and 1179?
9
What is the highest common divisor of 463358 and 1564598?
322
Calculate the greatest common factor of 15246002 and 43930.
382
What is the highest common divisor of 196 and 11363128?
28
Calculate the highest common factor of 1352748 and 792.
12
Calculate the greatest common divisor of 8709765 and 45495.
5055
Calculate the greatest common factor of 3230 and 2315.
5
What is the greatest common factor of 16 and 15752600?
8
Calculate the highest common factor of 1243940 and 40180.
820
What is the highest common divisor of 2916892 and 220?
44
Calculate the highest common factor of 19115649 and 42.
21
Calculate the greatest common factor of 313166623 and 231.
77
What is the greatest common factor of 12 and 27468318?
6
Calculate the greatest common factor of 462558720 and 192.
192
What is the highest common divisor of 24 and 435088188?
12
Calculate the greatest common divisor of 528402 and 26082.
966
Calculate the greatest common factor of 1121777 and 7153.
311
Calculate the greatest common divisor of 6192 and 60552.
72
Calculate the greatest common factor of 16 and 10540840.
8
Calculate the highest common divisor of 944854 and 35037.
229
Calculate the greatest common factor of 44 and 77797654.
22
What is the highest common divisor of 4 and 4910624?
4
What is the highest common divisor of 20122702 and 17233?
907
What is the highest common factor of 172 and 140596?
4
Calculate the greatest common divisor of 1296 and 8467428.
12
Calculate the highest common divisor of 169 and 281.
1
Calculate the highest common factor of 34134154 and 41978.
302
What is the greatest common factor of 28066292 and 13749?
4583
Calculate the greatest common factor of 14094 and 750.
6
What is the greatest common divisor of 260 and 3019430?
10
What is the highest common divisor of 388165 and 6090?
145
Calculate the greatest common divisor of 18639 and 304494.
57
Calculate the greatest common factor of 4627832 and 33.
11
Calculate the greatest common factor of 2870 and 8161510.
70
Calculate the highest common divisor of 653664977 and 868.
217
What is the highest common divisor of 259 and 11021671?
37
Calculate the highest common factor of 294542 and 1768.
34
Calculate the highest common divisor of 37411 and 251427.
209
Calculate the greatest common factor of 4648693672 and 133.
133
What is the highest common divisor of 2029 and 191624847?
2029
Calculate the highest common divisor of 14514948 and 108.
36
Calculate the highest common divisor of 137430420 and 3915.
435
What is the highest common divisor of 3675776 and 494208?
1664
What is the highest common factor of 3281647 and 1745?
349
What is the greatest common divisor of 684 and 57724308?
36
Calculate the highest common divisor of 121 and 39161584.
11
Calculate the greatest common divisor of 50 and 329753600.
50
What is the greatest common divisor of 120 and 1569560?
40
What is the greatest common divisor of 1825 and 1105658?
73
What is the highest common divisor of 394215 and 4695?
15
Calculate the highest common factor of 6934257 and 495.
99
Calculate the greatest common factor of 754360 and 320.
40
What is the highest common factor of 119049 and 3696?
21
What is the highest common factor of 5463345 and 15?
15
What is the highest common divisor of 3963700 and 3575?
325
Calculate the greatest common divisor of 767776 and 12576.
32
What is the highest common divisor of 108686 and 322214?
62
What is the greatest common divisor of 325 and 184366715?
65
What is the highest common factor of 6944 and 532273?
7
What is the greatest common factor of 2335410 and 180?
90
Calculate the highest common divisor of 135 and 500469.
3
What is the greatest common divisor of 117670480 and 211?
211
Calculate the greatest common factor of 14457711 and 159.
159
What is the highest common divisor of 5361932 and 1688?
844
What is the greatest common factor of 39334 and 5427538?
554
What is the greatest common factor of 2536 and 306344?
8
What is the greatest common factor of 3 and 497989?
1
Calculate the highest common divisor of 1417660 and 8060.
20
What is the greatest common factor of 11 and 835591?
1
Calculate the greatest common factor of 1764 and 46870803.
441
What is the greatest common divisor of 388473293 and 26?
13
What is the greatest common divisor of 1106 and 10569356?
14
What is the highest common divisor of 1313200 and 153125?
1225
Calculate the greatest common divisor of 974619 and 54.
27
Calculate the highest common divisor of 36 and 37802904.
12
Calculate the greatest common factor of 7428652 and 118993.
623
Calculate the highest common factor of 4179 and 15052161.
597
Calculate the highest common factor of 196041 and 1313.
101
Calculate the greatest common factor of 30587 and 2117.
73
What is the highest common divisor of 88696476 and 1683?
99
Calculate the highest common factor of 1104445245 and 235.
235
What is the highest common factor of 181931840 and 760?
760
What is the greatest common divisor of 58954303 and 11455?
2291
Calculate the highest co